*k(v). Give g(4).
1
Suppose -1 = -0*z - z. Let y(k) be the second derivative of -3*k**3/2 + 3*k**2 + 2*k. Let v(m) = 2*m - 1. Let x(u) = 11*v(u) + 2*y(u). Give x(z).
5
Let z(m) = -m - 3. Let f be z(-6). Let j(v) = -v**3 + 3*v**2 - 2*v + 1 + 3*v**2 - 2*v**2 - v. Determine j(f).
1
Let n = -18 + 21. Let j(p) = p**3 - 3*p**2 - p - 3. What is j(n)?
-6
Suppose -5*z - 11 = -2*s, 3*z - 5*s + 15 = -3. Let i = -4 + 6. Let m(l) = 6*l**i - 2*l**3 + 1 + 0*l**2 - 2*l**2 - 5*l**2. Calculate m(z).
2
Let h(a) = -a**3 - 6*a**2 - 4*a + 2. Let d be (-1)/(4/8) + 10. Suppose -28 + d = 5*t. What is h(t)?
-14
Let i(g) = 4*g - 7. Let d be (14 - 16) + 1/(1/7). Give i(d).
13
Let h(d) = -d - 5. Let w be h(-6). Let y = w + 2. Let n(s) = -2*s + 3. Let k be n(y). Let q(o) = o**3 + o**2 - 4*o. What is q(k)?
-6
Let c(n) = n**2 - 6*n + 4. Let f be 36/5 - 2/10. Let x be f - (1 + (-2)/(-2)). Let k be c(x). Let o(l) = -6*l. What is o(k)?
6
Let q(k) = -13 + k - 4*k**2 + 8 + 3 + 5*k**2. Determine q(0).
-2
Let b(h) = -4*h**2 + 9*h + 3. Let k(u) = 3*u**2 - 8*u - 3. Let r(x) = -6*b(x) - 7*k(x). Let l(m) = -m**2 + m. Let s(f) = -2*l(f) - r(f). What is s(-5)?
-8
Let u(q) = -2*q + 9 - 3 - 12. Let w = 2 - 8. Calculate u(w).
6
Let w(x) = -1 + 16*x**2 - 10*x**2 + 5*x - 3*x**2 - x**3 - 1. Give w(4).
2
Let u(k) = 24*k + 23*k - 48*k + 4. What is u(2)?
2
Suppose -7 - 2 = -3*g. Suppose 0 = -2*l + d + 2*d + 2, 31 = -g*l - 4*d. Let f(v) be the third derivative of v**4/24 - v**3/3 + 50*v**2. Calculate f(l).
-7
Let j = -8 + 12. Let k(l) = -j*l + 3*l - 1 - 7. Let t be (-4)/1 - 0/(-4). Determine k(t).
-4
Suppose -5*y = -6*y - 20. Let m be y/(-25)*(-5)/2. Let d(k) = 2*k**3 + 3*k**2 + 2*k + 2. What is d(m)?
-6
Let m(q) = -q + 2. Suppose 0 = l - 4*d, 0*l - 3*d = l + 7. What is m(l)?
6
Let t(i) = -12*i - 5. Let o(d) = 23*d + 9. Let r(b) = -6*o(b) - 11*t(b). Determine r(1).
-5
Suppose 0 = -k + 2 - 6. Let d(t) = -14*t**2 - 9*t + 15. Suppose -l - 22 = l. Let w(i) = -5*i**2 - 3*i + 5. Let z(a) = l*w(a) + 4*d(a). Determine z(k).
1
Let d(k) = k**2 + 7*k + 3. Let m be d(-7). Suppose 2*s = -s + m*r + 18, 5*s + 4*r - 12 = 0. Let a(t) = -t + 1. Give a(s).
-3
Let j(y) = y**3 + 2*y**2 - 2. Let u(q) = -8*q - 75. Let n be u(-9). Calculate j(n).
-11
Let g(n) be the first derivative of -n**3/3 - 5*n**2 - 3*n + 16. Calculate g(-7).
18
Let n(w) = -w**2 + 6*w - 2. Let i be n(4). Suppose f - i = -2*f. Let p be (-1*f)/((-2)/(-4)). Let s(c) = -2*c + 1. Give s(p).
9
Suppose -4*v = -6 + 2. Let b(d) = -41*d**2 - d + 6. Let u(o) = 8*o**2 - 1. Let j(t) = -2*b(t) - 11*u(t). What is j(v)?
-5
Let v(o) = -11*o**2 - 13*o + 9. Let c(y) = 5*y**2 + 6*y - 4. Let n(x) = 13*c(x) + 6*v(x). Suppose 3 - 8 = -5*h - 2*z, -z = -5*h + 20. What is n(h)?
-7
Let g(v) = v**3 + 4*v**2 - 2*v - 2. Let t be g(-4). Let z(h) = -h**3 + 7*h**2 - 7*h - 4. Determine z(t).
-10
Let b(i) be the second derivative of 3/2*i**2 + 3*i + 5/6*i**3 + 0. Let j(d) = -10*d - 5. Let n(z) = -5*b(z) - 3*j(z). Determine n(1).
5
Let v(i) = -i + 6. Let n be (5/2)/((-5)/(-10)). Calculate v(n).
1
Let w(d) = -3*d**3 - 2*d + 2. Let x(p) = p**3 + p. Let o(q) = w(q) + 2*x(q). Let u be 1 - (-1 + -1 + 1). Give o(u).
-6
Let t = -10 - -17. Let g(y) be the second derivative of -3*y**3/2 + 5*y**2 + y. Let u(i) = 4*i - 5. Let p(w) = t*u(w) + 3*g(w). Calculate p(5).
0
Suppose -2*o = 16 - 12. Let f(r) be the third derivative of r**6/60 + r**5/20 + r**4/24 - r**3/3 - r**2. Give f(o).
-8
Let m(l) = -l**3 - 4*l**2 - 11*l - 8. Let u(o) = -2*o**3 - 7*o**2 - 23*o - 16. Let j(a) = -9*m(a) + 4*u(a). Give j(-7).
8
Let v be 6 + -3 + (-1 - -1). Suppose v*i - 6 = -0*i. Let t(b) be the first derivative of 2*b**2 - 2*b + 1. Calculate t(i).
6
Let u(n) = -n + 7. Suppose -2*a = -5*h - 4*a + 6, 0 = h - 5*a + 15. What is u(h)?
7
Let y(n) = -n**3 + n**2 + n + 2. Suppose -3*k + 24 = -3*q, -2*q + 2*k = -q + 13. Let r be 4/((-4)/q) + -3. Give y(r).
2
Let w(p) = -4*p**2 - 1 + p**3 + 6*p + 2 - 3*p. Calculate w(3).
1
Let n = 15 - 11. Let b(u) = 2*u**2 + 3*u - u**2 - n*u. Give b(1).
0
Let f be (-6)/(-33) - 62/(-22). Let w(d) = 6 - f*d - d + d**2 - 9. Calculate w(5).
2
Suppose 0 = -4*i + n + 4, 4*i - 20 + 0 = -3*n. Let o(y) = -6 - 3*y - 1 - y**i + 7*y + y. What is o(5)?
-7
Let h = -11 + 9. Let d(m) = -3*m**3 - 3*m**2 - m. Determine d(h).
14
Suppose 12 = -4*b - 20. Let h = 11 + b. Let s(a) = 2*a + 0*a + h - 4*a. Calculate s(2).
-1
Let s(n) be the second derivative of n**3/6 - 2*n**2 + 2*n. Determine s(4).
0
Let k(r) = -4*r + r**2 + 0*r**2 - 5 - 3. Let m = -3 - -9. What is k(m)?
4
Let g(f) = f**3 - 7*f**2 + 8*f + 7. Let t be g(5). Let c(i) = -i. Give c(t).
3
Suppose -14*h + 15*h + 3 = 0. Let j(a) = a**2 + 2*a - 3. What is j(h)?
0
Let n(b) = 2*b + 1. Let z(u) = -u**2 + 7*u - 4. Let t be z(6). Suppose 7*s = t*s - 20. Give n(s).
-7
Let p(q) = 4*q + 2. Let y(t) = -1. Let z(b) = -p(b) - 2*y(b). Let f(x) = -x + 5. Let k be f(3). What is z(k)?
-8
Suppose -5*f + f + 12 = 0. Let u(j) be the second derivative of j**5/120 - j**4/8 + 5*j**3/6 - 2*j. Let h(l) be the second derivative of u(l). Calculate h(f).
0
Let w(b) = b**2 - 11*b + 11. Let k be w(10). Let m(i) = 16*i**2 + 1. Determine m(k).
17
Let n be (-2)/(-3) + (-100)/(-30). Let r(f) = f**2 - 5*f + 2. What is r(n)?
-2
Let m = 20 - 20. Let j(g) = 3 - 12*g + m + 3*g - 2. Suppose -3 = 2*d - 5*d. Calculate j(d).
-8
Let w = 25 + -19. Let j(n) = -3*n - 9 + 6*n - n. Calculate j(w).
3
Let k(x) be the second derivative of x**5/20 - x**3/2 - x**2 + x + 15. Calculate k(-2).
-4
Let y(c) = -6*c**2 - 2*c + 3. Let a(r) = 7*r**2 + 2*r - 4. Let x(o) = 2*a(o) + 3*y(o). Determine x(1).
-5
Let n(d) = 4 - 6 + 2*d - 6. Calculate n(6).
4
Suppose 3*u = -4*t - 2*u + 7, -2*t - 5*u = -11. Let a(c) = 0*c**2 + 3*c**2 - 1 + c**3 + c + 0*c**3. What is a(t)?
1
Let k(j) = -2*j**2 - 6 - 2*j**3 - 6*j**3 + 5 + 7*j**3. Calculate k(-2).
-1
Let y(p) = p**2 - 5*p + 2. Let g(k) = k**2 + k - 3. Let x be g(3). Let m be (-1 + 6/x)*-6. Suppose -z = m - 6. Determine y(z).
-2
Let r = 5 - 4. Let m be (-42)/(-15) + r/5. Let z(y) = -3*y**2 + 7*y**2 - m*y**3 + 2*y**3. Determine z(2).
8
Let w(t) = t**3 - 4*t**2 - t + 3. Let j(o) = -o**3 + 6*o**2 + 8*o - 7. Let r be j(7). Suppose r = -c + 2 + 2. What is w(c)?
-1
Let b be -2*5/(-2) + 2. Let x be -3 - -3 - -3 - 1. Let c(a) = -2*a**3 + 3*a**2 + 3*a**3 + 2*a**2 - x*a - b. Calculate c(-5).
3
Let l(f) be the third derivative of 7*f**4/24 - f**3/6 + 34*f**2 - 2. What is l(3)?
20
Let c(p) = p**3 - 3*p**2 + 1. Let x(m) = -5*m**3 + 12*m**2 - m - 3. Let s(o) = 9*c(o) + 2*x(o). Calculate s(-3).
9
Let l(k) be the third derivative of -7/6*k**3 - 4*k**2 + 0*k + 0 - 1/60*k**5 + 7/24*k**4. Give l(5).
3
Let q(f) = 5*f**2 - 11*f + 1. Let m(r) = 3*r**2 - 5*r + 1. Let j(y) = -5*m(y) + 2*q(y). Determine j(2).
-17
Let c(p) = -p**3 + p**2 + 2*p - 2. Let r be 1 + (48/15 + -3)*5. Calculate c(r).
-2
Suppose q + 8 = -q. Let h(v) = v**2 - v. Let o be h(q). Suppose 5*s - o = s. Let a(l) = -l**2 + 4*l - 1. Give a(s).
-6
Let a(q) = 0 - 10 - q - 1 + 6. Give a(-6).
1
Suppose 0 = 3*n, 4*n = g - 0*n - 3. Suppose j + 2 = -2*h, -7 = g*j + 5. Let y(z) = -7*z + 6. Let p(w) = w - 1. Let r(a) = h*y(a) + 6*p(a). Calculate r(-1).
1
Let q(x) be the first derivative of -x**5/20 - x**4/3 + 5*x**3/6 - 7*x**2/2 + 4*x + 3. Let o(j) be the first derivative of q(j). Determine o(-5).
-7
Suppose -3*z - 2*z - 30 = 0. Let k = z + 10. Let i(h) = 1 - 2*h + 0*h + k*h. Give i(2).
5
Let w(q) = q + 0*q + 3*q**2 - q**2 - 4*q**3. Let x = 1 - 2. Let h be w(x). Let u(k) = -k + 4. What is u(h)?
-1
Let n(g) = 5*g - 2*g - 6*g + 6 - g**3 - 3*g + 5*g**2. Give n(4).
-2
Suppose g + 3*f = 12 - 4, -f + 4 = g. Let j(a) = -3*a**2 + 4*a - 3. Give j(g).
-7
Let w(y) = -y**2 + 3*y + 3. Let l(i) = 2*i**2 - 5*i - 7. Let k(f) = 2*l(f) + 5*w(f). Let o(q) = -4*q - 4. Let t be o(-2). What is k(t)?
5
Let l(a) = a**2 - 5*a + 2. Let b(d) = -d + 3. Let g be b(6). Let x be g/((-18)/(-10))*-3. Determine l(x).
2
Let k(a) = 2*a + 3. Let o = -40 + 44. Determine k(o).
11
Suppose -4*g - 12 = 0, 4*g = -2*a + 6*a - 20. Let d(p) = a*p - 2*p - 3*p + 2*p - 12. Determine d(0).
-12
Let o(u) = -3*u. Suppose 13 - 88 = -5*y. Suppose -3*j + 4*i = -11, -5*j + i + y + 9 = 0. Suppose -g - 3*s - 13 = 0, -2*s - j - 1 = -2*g. Give o(g).
3
Let b(c) = -c**3 + 4*c**2 + 3*c - 5. Let g = -6 - -8. L